**3 - 10*r**2 + 11*r + 11. Determine h(-11).
11
Let w(r) = 3*r - 74. Calculate w(11).
-41
Let r(v) = 2*v + 2. What is r(-9)?
-16
Let t(f) = -5*f + 7. Give t(6).
-23
Let d(k) = 28*k**3 - k**2 + k + 2. Give d(-1).
-28
Let j(s) = -s**3 - 12*s**2 - 12*s + 2. Determine j(-12).
146
Let u(b) = -6*b**2 - 2*b. What is u(2)?
-28
Let j(r) = 2*r**3 - 8*r**2 + 6*r - 5. Determine j(5).
75
Let x(v) = -v**3 - 6*v**2 - 10*v. Give x(-5).
25
Let m(k) = -k**3 - k**2 + 3*k - 39. Calculate m(0).
-39
Let b(p) = p**2 - 21*p - 42. Calculate b(23).
4
Let p(o) = -o**2 + 10*o + 78. Calculate p(19).
-93
Let m(q) = -3*q**2 - 3*q - 12. What is m(-3)?
-30
Let r(b) = b**2 - 23*b + 34. Give r(22).
12
Let j(g) = -11*g**3 - g**2 - g - 1. Calculate j(-1).
10
Let g(s) = s - 7. Give g(-8).
-15
Let y(g) = -g**2 + 7*g + 19. What is y(9)?
1
Let k(t) = -t + 40. Calculate k(36).
4
Let k(y) = -y**3 + 6*y**2 - 8*y + 29. Calculate k(5).
14
Let c(w) = w**3 + 6*w**2 + 2*w + 11. Determine c(-5).
26
Let j(r) = r**3 - r**2 - 40*r - 20. Determine j(7).
-6
Let g(x) = -2*x**3 - 3*x**2 - 3*x - 6. Calculate g(-2).
4
Let f(x) = 7*x - 217. Give f(31).
0
Let g(k) = 2*k**2 - 8*k - 1. Calculate g(4).
-1
Let n(z) = -5*z**3 + 2*z**2 - z. Calculate n(1).
-4
Let m(t) = t**3 + 6*t**2 - 12*t - 33. Give m(-7).
2
Let u(m) = -2*m**3 - 6*m**2 - 4*m - 4. What is u(-4)?
44
Let s(i) = -i**2 + 3*i + 13. Determine s(9).
-41
Let n(y) = -y**2 - 25*y - 38. What is n(-23)?
8
Let a(x) = -x**3 + x**2 + 16*x - 2. Determine a(4).
14
Let f(p) = 2*p**2 - 21*p + 7. Give f(8).
-33
Let c(a) = 23*a**2 - 2*a + 1. Give c(1).
22
Let g(y) = -y**3 + 6*y**2 - 3*y + 7. Determine g(6).
-11
Let b(o) = o**3 + 7*o**2 - 8*o - 4. Determine b(-5).
86
Let i(n) = n**3 + 25*n**2 - 27*n - 33. What is i(-26)?
-7
Let l(w) = w**3 + 7*w**2 + 9*w - 1. Calculate l(-3).
8
Let m(x) = -x**2 + 10*x - 8. Calculate m(9).
1
Let s(q) = 55*q**3 + 1. Determine s(1).
56
Let h(u) = u**2 - 6*u + 7. Calculate h(5).
2
Let f(s) = -s + 34. Give f(23).
11
Let s(a) = a**3 - 9*a**2 - 12*a + 103. What is s(9)?
-5
Let p(c) = -c**2 + 8*c + 3. Give p(6).
15
Let k(w) = -w**3 + 3*w**2 + 6*w - 4. Give k(4).
4
Let n(b) = b**3 - 7*b**2 - 53*b + 236. Determine n(10).
6
Let v(j) = -j**3 - 30*j**2 - 28*j + 12. Determine v(-29).
-17
Let k(l) = -l**2 + 7*l - 2. Give k(9).
-20
Let x(u) = -2*u + 24. Determine x(19).
-14
Let n(j) = -3*j + 8. Calculate n(10).
-22
Let n(o) = -o**2 - 12*o + 18. What is n(-14)?
-10
Let z(b) = b**3 + 8*b**2 + 4*b + 1. Give z(-6).
49
Let g(w) = -6*w + 82. Determine g(24).
-62
Let u(a) = -a**3 + 7*a**2 - 11*a + 7. Calculate u(5).
2
Let k(n) = -n**2 + 14*n + 26. Give k(16).
-6
Let r(m) = 22*m - 2. What is r(1)?
20
Let h(v) = -v. Calculate h(0).
0
Let q(j) = j**3 + 7*j**2 + 4*j - 14. Give q(-6).
-2
Let u(t) = 6*t**3 - 2*t**2 + 2. Give u(2).
42
Let g(k) = -k**3 - 5*k**2 + 16*k - 13. Determine g(-7).
-27
Let h(z) = -2*z**2 + 2*z + 15. Determine h(5).
-25
Let s(k) = 4*k - 16. Give s(-15).
-76
Let o(s) = -s**2 + 10*s. What is o(3)?
21
Let b(v) = -v**2 - 4*v + 17. Give b(-12).
-79
Let i(n) = -5*n + 10. What is i(-7)?
45
Let y(v) = -v**3 + v**2 - v + 6. Determine y(-3).
45
Let f(v) = v**2 - 5*v - 3. What is f(3)?
-9
Let d(g) = g**2 + 7*g + 7. Give d(-7).
7
Let b(z) = -z**2 - 10*z + 4. Calculate b(-9).
13
Let y(a) = a**2 - 9*a - 59. Determine y(13).
-7
Let f(q) = 11*q + 9. What is f(2)?
31
Let u(b) = b**2 - 10*b - 12. Give u(12).
12
Let k(y) = -y**3 + 12*y**2 + 8*y + 31. Give k(13).
-34
Let m(f) = 2*f**2 + f - 71. Calculate m(0).
-71
Let a(d) = 2*d**2 - 24*d + 53. Calculate a(10).
13
Let k(y) = -y**2 - 15*y - 49. Give k(-6).
5
Let x(m) = 8*m - 15. Calculate x(6).
33
Let s(b) = b**3 + 4*b**2 - 6*b + 1. What is s(-6)?
-35
Let n(s) = 7*s - 114. Determine n(17).
5
Let t(a) = 3*a + 35. What is t(-11)?
2
Let x(y) = -8*y - 43. What is x(-9)?
29
Let r(i) = -10*i**2 - 5*i + 2. Calculate r(-1).
-3
Let i(h) = -5*h + 2. Determine i(-4).
22
Let u(t) = -20*t + 2. What is u(-1)?
22
Let w(z) = z**3 + 9*z**2 - 5*z - 42. What is w(-9)?
3
Let j(l) = l**3 - 10*l**2 - 9*l + 80. Give j(10).
-10
Let u(i) = -i**2 + 2*i + 11. Calculate u(0).
11
Let j(g) = g + 11. Determine j(-8).
3
Let t(j) = j**3 + 5*j**2 - 7*j - 12. Calculate t(-6).
-6
Let w(z) = 23*z + 123. Calculate w(-5).
8
Let u(j) = j - 41. Calculate u(31).
-10
Let f(j) = j**3 + 7*j**2 + 2*j - 7. Give f(-6).
17
Let z(q) = q**3 + 3*q + 7. What is z(6)?
241
Let y(p) = p**2 + 3*p - 2. What is y(-3)?
-2
Let t(v) = -v - 4. What is t(-13)?
9
Let j(m) = -7*m + 209. Give j(29).
6
Let y(t) = -t**3 - 9*t**2 + 12*t. Calculate y(-10).
-20
Let z(f) = 6*f - 19. Calculate z(6).
17
Let r(i) = -4*i - 31. Give r(-14).
25
Let q(b) = b**2 - b + 20. Determine q(0).
20
Let q(c) = c**3 - 8*c**2 - 345*c - 7. Determine q(-15).
-7
Let g(i) = -2*i + 23. Determine g(3).
17
Let o(w) = -12*w + 37. Determine o(6).
-35
Let x(k) = k**3 - 5*k**2 - 5*k - 5. Give x(6).
1
Let n(w) = w**2 + 5*w - 9. Calculate n(-7).
5
Let t(u) = -u**3 - 29*u**2 - 29*u - 22. Determine t(-28).
6
Let v(a) = 2*a - 5. Calculate v(-8).
-21
Let o(a) = a**3 - 5*a**2 - 10*a + 14. Calculate o(7).
42
Let l(a) = 33*a**3 - 2*a - 1. Give l(-1).
-32
Let n(s) = -5*s - 46. Calculate n(-7).
-11
Let b(m) = -m**2 + 38*m - 223. Give b(31).
-6
Let r(i) = -9*i**2 + 4*i - 2. What is r(1)?
-7
Let m(v) = -v**2 + 22*v - 1. What is m(17)?
84
Let z(f) = -15*f**3 + f**2 + 2*f. Determine z(-1).
14
Let h(z) = 74*z + 216. What is h(-3)?
-6
Let c(s) = s**3 - 13*s**2 - 4*s + 45. What is c(13)?
-7
Let v(a) = -2*a + 15. What is v(-3)?
21
Let u(h) = -h + 7. Calculate u(12).
-5
Let h(x) = -x**2 - 21*x. What is h(-21)?
0
Let d(l) = l**3 + 2*l**2 + 4*l + 6. Give d(-4).
-42
Let s(m) = 9*m + 7. Calculate s(3).
34
Let d(s) = 2*s + 8. Determine d(-4).
0
Let m(k) = -2*k + 40. What is m(25)?
-10
Let k(b) = 2*b + 3. Give k(-6).
-9
Let t(i) = i**3 - 7*i**2 - 9*i - 4. Give t(8).
-12
Let p(x) = -x**3 + 8*x**2 + 21*x - 9. Give p(10).
1
Let k(l) = l - 27. What is k(13)?
-14
Let m(b) = b**3 + 22*b**2 - 25*b - 46. What is m(-23)?
0
Let k(s) = s**3 + 3*s**2 - 11*s - 3. Determine k(-5).
2
Let v(j) = -2*j**3 - 13*j**2 + 4*j - 18. What is v(-7)?
3
Let r(g) = -g**2 - 21*g - 44. Determine r(-20).
-24
Let j(l) = 77*l**3 - 2*l**2 + 3*l - 2. Determine j(1).
76
Let v(z) = -z**2. Calculate v(4).
-16
Let p(o) = 5*o**3 + 2*o - 1. Determine p(1).
6
Let t(h) = 11*h - 63. Give t(4).
-19
Let v(j) = j**3 + 11*j**2 + j + 11. Calculate v(-11).
0
Let z(q) = q**3 + 7*q**2 + 4*q. Give z(-5).
30
Let q(r) = r**2 - 10*r - 14. What is q(10)?
-14
Let v(z) = -z**2 + z - 9. Determine v(0).
-9
Let g(l) = -4*l**2 + l + 4. What is g(2)?
-10
Let v(j) = 4*j**2 - 16*j. Calculate v(5).
20
Let w(k) = -k**3 - 8*k**2 - 11*k - 1. Determine w(-6).
-7
Let x(b) = -b**2 + 7*b - 9. Calculate x(4).
3
Let h(o) = 5*o - 349. Determine h(70).
1
Let m(f) = -f**2 - 18*f + 20. What is m(-20)?
-20
Let d(x) = x**2 - 7*x - 4. Determine d(5).
-14
Let r(f) = -204*f - 2034. Calculate r(-10).
6
Let p(k) = 9*k - 50. What is p(6)?
4
Let m(b) = -4*b. Determine m(5).
-20
Let i(v) = -v**2 + 20*v - 103. Give i(10).
-3
Let s(w) = 2*w**3 - w**2 - 5*w - 3. What is s(-1)?
-1
Let d(p) = p - 36. Determine d(-20).
-56
Let w(s) = s**3 + 9*s**2 - 8*s + 13. Give w(-10).
-7
Let z(u) = 3*u - 20. Calculate z(9).
7
Let o(d) = -6*d**2 + 56*d - 20. Determine o(9).
-2
Let q(y) = 16*y**3 - 3*y**2 - 7*y - 4. Determine q(-1).
-16
Let q(s) = s**2 + 14*s + 8. Calculate q(-14).
8
Let b(r) = -r**2 + 6*r + 2. Calculate b(6).
2
Let n(z) = -z**2 + 17*z + 13. What is n(19)?
-25
Let i(s) = s + 7. Give i(-1).
6
Let h(v) = -v**2 + 7*v - 1. Calculate h(4).
11
Let b(g) = -6*g**2 + 17*g + 4. Give b(4).
-24
Let q(o) = 9*o + 88. Give q(-9).
7
Let b(m) = 5*m - 5. What is b(13)?
60
Let v(b) = 7*b + 58. What is v(-18)?
-68
Let m(z) = -z**3 - 5*z**2 + 6*z + 1. What is m(-6)?
1
Let z(g) = -g**3 - 2*g**2 + 4*g - 5. Calculate z(-3).
-8
Let g(a) = -a**2 + 8*a - 13. What is g(4)?
3
Let k(q) = -q**2 - 6*q + 10. What is k(-7)?
3
Let o(x) = 5*x - 46. Give o(6).
-16
Let f(h) = h**3 - 11*h**2 - 13*h - 14. Give f(12).
-26
Let b(p) = -p**3 - 2*p**2 - 4*p - 32. Determine b(-4).
16
Let o(u) = -36*u + 138. Calculate o(4).
-6
Let b(p) = -p**2 - 7*p + 7. Give b(-6).
13
Let s(d) = 7*d - 64. Give s(9).
-1
Let q(n) = -7*n - 42. What is q(-6)?
0
Let p(m) = 3*m + 6. What 